21522
Convert 221022220 (base 3) to base 7.
104556
Convert -29d (base 15) to base 6.
-2434
What is 20334 (base 10) in base 3?
1000220010
What is -5110 (base 7) in base 8?
-3353
What is -465 (base 8) in base 10?
-309
What is -1113124 (base 5) in base 11?
-13960
Convert -7599 (base 11) to base 9.
-14674
What is 210222110 (base 3) in base 14?
5ba7
3b8b (base 12) to base 5
210000
What is b23a (base 16) in base 3?
2022120212
Convert 1001110001 (base 2) to base 6.
2521
5410 (base 8) to base 15
c84
Convert 2122121 (base 3) to base 15.
88d
Convert 1991 (base 10) to base 2.
11111000111
What is -47457 (base 11) in base 3?
-10110212100
What is 251 (base 8) in base 10?
169
-112121 (base 4) to base 6
-10345
Convert 32213 (base 6) to base 15.
1486
-1221 (base 6) to base 2
-100101101
235 (base 15) to base 5
4000
Convert -10100000010 (base 2) to base 7.
-3511
What is 81a (base 14) in base 12?
b08
Convert 10022211 (base 3) to base 9.
3284
-32331 (base 5) to base 8
-4250
What is -198b (base 13) in base 16?
-ef9
21321 (base 4) to base 13
399
Convert 1001101110101 (base 2) to base 3.
20211111
Convert 6150 (base 12) to base 4.
2211030
What is -ab (base 15) in base 13?
-c5
Convert 11011111 (base 2) to base 13.
142
Convert 408 (base 16) to base 11.
859
What is 101010100001 (base 2) in base 3?
10201210
What is -1007 (base 9) in base 11?
-60a
What is 22051 (base 6) in base 3?
11012011
-45b (base 14) to base 4
-31201
What is -171 (base 10) in base 12?
-123
-1001100 (base 2) to base 16
-4c
What is -3110 (base 14) in base 15?
-277c
Convert 100 (base 7) to base 3.
1211
What is 61606 (base 8) in base 6?
313542
What is -121021 (base 3) in base 9?
-537
-5215 (base 7) to base 4
-130201
110011010000 (base 2) to base 7
12364
Convert -2a92 (base 15) to base 2.
-10001110110001
What is -6c1 (base 13) in base 15?
-531
What is 1011101011 (base 2) in base 15?
34c
Convert -101651 (base 7) to base 11.
-12151
1040441 (base 5) to base 11
12788
Convert -4a79 (base 13) to base 3.
-112111210
What is 13a (base 16) in base 5?
2224
-120220 (base 3) to base 6
-1553
5b9a (base 12) to base 16
2866
Convert 1241 (base 9) to base 10.
928
Convert 101010100111 (base 2) to base 9.
3660
-22407 (base 11) to base 4
-13322303
-2df (base 16) to base 6
-3223
38352 (base 9) to base 4
12103031
Convert -9066 (base 10) to base 13.
-4185
Convert -513 (base 6) to base 8.
-275
-10111101110010 (base 2) to base 14
-45d8
What is 1224313 (base 5) in base 13?
aa39
-27270 (base 8) to base 2
-10111010111000
-2133112 (base 5) to base 10
-36657
Convert 2544 (base 7) to base 15.
443
What is 535 (base 6) in base 9?
245
Convert 21a6 (base 14) to base 15.
1ada
Convert 1130 (base 6) to base 8.
416
1001220 (base 3) to base 4
30030
What is 18cc (base 16) in base 5?
200343
-1a99 (base 13) to base 15
-12c8
What is 22245 (base 12) in base 5?
2422034
-eb0 (base 16) to base 2
-111010110000
What is -202302 (base 4) in base 11?
-1744
Convert -1312213 (base 4) to base 12.
-4487
What is -43352 (base 6) in base 16?
-1754
What is 11545 (base 7) in base 14?
115c
What is 1203422 (base 5) in base 6?
251310
What is -312250 (base 6) in base 5?
-1301113
What is -4225 (base 9) in base 14?
-11b7
What is -100011122 (base 3) in base 10?
-6686
What is -18b7 (base 13) in base 9?
-5060
Convert -100011 (base 3) to base 16.
-f7
Convert 10201310 (base 4) to base 6.
221512
1332 (base 15) to base 7
14642
-31130 (base 4) to base 9
-1155
What is 3310 (base 4) in base 9?
301
What is -100010210 (base 3) in base 15?
-1e93
What is 351114 (base 6) in base 12?
1549a
214 (base 13) to base 11
2a3
-ed20 (base 16) to base 2
-1110110100100000
Convert 614 (base 12) to base 5.
12010
What is -3c99 (base 15) in base 16?
-32a9
What is 2532 (base 7) in base 6?
4230
Convert 12434 (base 6) to base 3.
2121011
What is -42a (base 12) in base 9?
-747
What is -202422 (base 5) in base 7?
-25164
Convert -1000100000001 (base 2) to base 15.
-1453
5350 (base 10) to base 4
1103212
-727 (base 12) to base 3
-1102111
62541 (base 8) to base 13
ba75
Convert 3080 (base 9) to base 7.
6405
Convert 457 (base 11) to base 9.
666
Convert -48545 (base 11) to base 6.
-1255242
-293 (base 10) to base 11
-247
-1001000111000 (base 2) to base 11
-3560
Convert 202122000 (base 3) to base 5.
440124
-883 (base 13) to base 11
-1107
Convert -361 (base 7) to base 6.
-514
Convert -194 (base 15) to base 13.
-220
Convert -116 (base 9) to base 11.
-88
What is -133212 (base 4) in base 3?
-2202220
-1247 (base 13) to base 7
-10364
110212011 (base 3) to base 16
249d
Convert -122201 (base 3) to base 15.
-21d
What is -2012101 (base 4) in base 11?
-6502
-283 (base 14) to base 9
-623
Convert 39 (base 10) to base 16.
27
Convert -1467b (base 16) to base 2.
-10100011001111011
Convert -3494 (base 11) to base 7.
-16232
Convert -5c1 (base 14) to base 15.
-519
Convert -2742b (base 12) to base 16.
-d3a3
What is -3768 (base 14) in base 8?
-22740
What is -25543 (base 6) in base 7?
-14211
What is -485 (base 11) in base 6?
-2401
Convert -10330 (base 6) to base 16.
-58e
What is 3dd8 (base 14) in base 8?
25332
132424 (base 5) to base 10
5364
Convert -12321 (base 4) to base 14.
-237
-25794 (base 11) to base 2
-1001000000010111
Convert 1202220 (base 3) to base 4.
110031
Convert -23303022 (base 4) to base 8.
-136312
Convert -12597 (base 10) to base 6.
-134153
Convert ed5f (base 16) to base 3.
10002100122
-38ab (base 12) to base 9
-8775
-22013 (base 6) to base 9
-4140
What is -101000101101 (base 2) in base 12?
-1611
What is 460 (base 9) in base 14?
1d0
What is -53550 (base 7) in base 15?
-3e29
Convert -455 (base 10) to base 4.
-13013
What is -202121200 (base 3) in base 9?
-22550
14376 (base 9) to base 11
739a
What is -1235 (base 8) in base 7?
-1644
What is -25000 (base 6) in base 4?
-321120
3102 (base 4) to base 11
181
103034 (base 7) to base 12
a405
Convert -3011 (base 7) to base 9.
-1372
What is 11000001111100 (base 2) in base 3?
122000201
What is -121123 (base 4) in base 8?
-3133
-342100 (base 5) to base 7
-50265
Convert 945 (base 13) to base 6.
11150
Convert -1334112 (base 5) to base 9.
-41532
-986d (base 15) to base 8
-77026
What is 624 (base 9) in base 16?
1fc
What is -a6 (base 14) in base 6?
-402
What is -2222 (base 4) in base 15?
-b5
Convert 14131 (base 7) to base 3.
12021101
Convert 1753 (base 11) to base 12.
1364
-11100010110011 (base 2) to base 16
-38b3
Convert -1fbb (base 16) to base 7.
-32453
Convert 13313030 (base 4) to base 8.
76714
-28317 (base 9) to base 16
-4b0d
What is -1777 (base 8) in base 15?
-483
-1221102212 (base 3) to base 7
-216311
Convert 13340 (base 5) to base 7.
3123
What is 158 (base 9) in base 15?
8e
What is 2668 (base 10) in base 13?
12a3
Convert 342020 (base 5) to base 7.
50244
Convert 185 (base 10) to base 9.
225
Convert -340413 (base 6) to base 4.
-12333321
-220203 (base 6) to base 5
-1040334
-3545 (base 14) to base 9
-13643
What is 20212122 (base 3) in base 13?
2387
-a461 (base 15) to base 3
-1202122201
13c (base 16) to base 15
161
Convert 20 (base 6) to base 14.
c
-104a (base 11) to base 5
-21020
Convert -608 (base 10) to base 7.
-1526
Convert -567 (base 10) to base 6.
-2343
-3631 (base 8) to base 13
-b68
What is -12538 (base 9) in base 11?
-63a0
What is 13b3b (base 13) in base 8?
110305
What is -1533 (base 6) in base 5?
-3132
-10034 (base 5) to base 15
-2ce
What is -17917 (base 11) in base 6?
-312013
-150c (base 13) to base 11
-2327
What is 31212 (base 4) in base 6?
4010
Convert 6141 (base 13) to base 12.
7910
5a8 (base 11) to base 16
2d3
What is 2149 (base 12) in base 15?
113c
What is -1101100110010001 (base 2) in base 15?
-11782
-207 (base 10) to base 15
-dc
212 (base 16) to base 12
382
Convert -2265 (base 8) to base 15.
-555
Convert 2680 (base 13) to base 10.
5512
-124 (base 5) to base 13
-30
-3010 (base 7) to base 13
-619
What is -6769 (base 10) in base 2?
-1101001110001
Convert 2232200 (base 4) to base 5.
324133
What is 5b5e (base 16) in base 9?
35068
Convert -210011 (base 3) to base 2.
-1000111011
What is -7705 (base 13) in base 11?
-114a1
-1a4 (base 12) to base 6
-1124
What is -334300 (base 5) in base 14?
-4449
What is -2118 (base 10) in base 16?
-846
What is 76 (base 11) in base 10?
83
2c16 (base 15) to base 4
2103333
Convert 158 (base 11) to base 12.
134
What is -444a (base 16) in base 10?
-174